- 8. What is l(-6)?
4
Let s(v) = v**2 - 5*v - 16. Determine s(8).
8
Let k(h) = -h**3 - 14*h**2 + 32*h + 1. Calculate k(-16).
1
Let n(b) = b**2 - 2*b + 6. Give n(3).
9
Let m(j) = -2*j**3 - 27*j**2 + 16*j + 25. Calculate m(-14).
-3
Let q(o) = -o**3 + 9*o**2 - 7*o - 4. What is q(8)?
4
Let x(d) = d**3 + 6*d**2 + 2*d - 2. Determine x(-3).
19
Let x(r) = -12*r - 50. What is x(-7)?
34
Let p(g) = g**3 - g**2 - 26*g + 52. Determine p(4).
-4
Let u(h) = -2*h**2 - 3*h + 2. Calculate u(-3).
-7
Let x(c) = 3*c**2 + 49*c + 102. Calculate x(-14).
4
Let m(y) = y**3 + 7*y**2 - 8*y - 12. What is m(-8)?
-12
Let p(o) = o**2 - 5*o - 7. What is p(9)?
29
Let o(j) = -j**3 - 5*j**2 + 18*j + 16. What is o(-7)?
-12
Let r(i) = i**3 + 14*i**2 - 4*i - 39. Determine r(-14).
17
Let i(u) = -u**2 + 7*u - 7. Calculate i(6).
-1
Let h(r) = r**2 - 10*r + 19. Calculate h(5).
-6
Let j(l) = l**2 + 175*l - 525. Determine j(3).
9
Let y(n) = 6*n + 43. Give y(-11).
-23
Let g(m) = m**2 - 9*m + 17. Give g(5).
-3
Let l(t) = 3*t**2 - t. Calculate l(1).
2
Let r(i) = -i**3 + 7*i**2 - 13*i + 2. Give r(6).
-40
Let l(y) = -5*y - 35. Determine l(-6).
-5
Let z(v) = -v**3 - 15*v**2 - v + 20. What is z(-15)?
35
Let j(k) = -k - 8. Calculate j(-4).
-4
Let k(g) = -3*g**2 + 6*g + 12. What is k(0)?
12
Let s(t) = t**2 + 9*t - 24. What is s(-11)?
-2
Let y(i) = 6*i + 10. Determine y(-4).
-14
Let h(k) = k**3 + 35*k**2 - 36*k + 3. What is h(-36)?
3
Let y(i) = i + 57. Give y(12).
69
Let d(i) = i - 3. Determine d(18).
15
Let n(g) = g**3 + 9*g**2 - 24*g - 23. Determine n(-11).
-1
Let y(k) = -32*k**3 + 2*k**2 - 2*k + 1. Calculate y(1).
-31
Let t(i) = i - 22. Calculate t(-6).
-28
Let z(b) = -14*b - 200. Determine z(-15).
10
Let w(f) = 42*f + 750. What is w(-18)?
-6
Let t(i) = i**3 + 3*i**2 - 7*i - 6. Determine t(-4).
6
Let o(d) = -d**2 - 4*d + 2. Give o(0).
2
Let j(v) = -v**2 - 18*v + 66. Calculate j(4).
-22
Let s(m) = -3*m**2 + 8*m + 9. Calculate s(-1).
-2
Let v(s) = -s**2 + 13*s - 10. Determine v(14).
-24
Let q(w) = -6*w**2 + 38*w - 11. What is q(6)?
1
Let o(n) = -3*n - 2. Give o(5).
-17
Let z(g) = -11*g**2 - 6*g - 8. Give z(-2).
-40
Let c(s) = -2*s**2 + 35*s - 44. Calculate c(16).
4
Let m(y) = y**3 + 6*y**2 - 9*y + 4. What is m(-7)?
18
Let y(h) = h**3 + 8*h**2 + 5*h + 6. Calculate y(-7).
20
Let s(r) = 6*r**2 + 50*r + 13. Give s(-8).
-3
Let f(q) = -4*q**3 + q**2 - q + 1. What is f(1)?
-3
Let d(o) = o + 5. Calculate d(6).
11
Let x(w) = w**3 + 3*w**2 + 2*w + 1. Determine x(-3).
-5
Let l(k) = -k**2 + 6. Calculate l(-2).
2
Let s(x) = 3*x + 190. Give s(-61).
7
Let s(n) = 2*n**2 - 16*n + 40. What is s(4)?
8
Let f(s) = -7*s + 5. Calculate f(2).
-9
Let i(y) = y**3 - 17*y**2 - 17*y - 19. Give i(18).
-1
Let i(g) = 13*g**3 - g**2 - g - 1. Give i(-1).
-14
Let p(k) = -k**3 + 3*k**2 + 56*k - 20. Calculate p(9).
-2
Let q(u) = -u + 5. Determine q(4).
1
Let v(l) = 3*l + 38. Determine v(-13).
-1
Let i(d) = -d**3 - 10*d**2 - 12*d. Give i(-4).
-48
Let c(j) = j**3 + 8*j**2 - 31*j + 21. Determine c(-11).
-1
Let t(q) = q**2 + 14*q + 44. Calculate t(-8).
-4
Let k(l) = l**2 - 25*l + 43. What is k(23)?
-3
Let u(l) = -3*l**3 - 28*l**2 - 10*l - 13. What is u(-9)?
-4
Let a(j) = -j**2 - 13*j - 14. Determine a(-11).
8
Let a(m) = -2*m**3 + 23*m**2 - 12*m + 7. Calculate a(11).
-4
Let c(n) = 11*n + 77. Give c(-7).
0
Let l(d) = -d**3 - 15*d**2 - 4*d - 52. Calculate l(-15).
8
Let w(h) = -h**2 - 12*h + 36. Give w(-15).
-9
Let z(s) = -2*s**2 - 20*s + 25. Give z(-11).
3
Let p(q) = -3*q**3 - 3*q**2 - q + 3. Give p(-3).
60
Let d(v) = -v**2 - 5*v + 26. Calculate d(-8).
2
Let f(x) = -x**2 + 17*x + 16. What is f(15)?
46
Let l(u) = u**2 - 12*u + 5. What is l(6)?
-31
Let g(s) = 3*s + 16. Calculate g(0).
16
Let p(t) = -t + 7. Determine p(-4).
11
Let p(k) = 8*k + 127. What is p(-12)?
31
Let z(c) = -c - 8. What is z(-6)?
-2
Let t(h) = -h**3 - 9*h**2 + 11*h + 4. Give t(-10).
-6
Let i(j) = j**2 - 8*j - 8. What is i(7)?
-15
Let h(b) = -b**2 + 5. Calculate h(4).
-11
Let n(y) = 4*y + 30. Give n(-8).
-2
Let x(d) = -15*d - 44. Calculate x(-3).
1
Let q(i) = -i**3 + i**2 + 10*i - 17. Calculate q(3).
-5
Let o(w) = -2*w**2 + 9*w - 10. What is o(7)?
-45
Let t(b) = 2*b**3 + 5*b**2 + 2*b + 6. What is t(-4)?
-50
Let t(i) = 2*i**2 + 24*i + 61. Calculate t(-7).
-9
Let f(z) = -10*z - 58. Calculate f(-6).
2
Let s(r) = -r**2 - 10*r - 6. Determine s(-10).
-6
Let y(u) = -u**3 - 5*u**2 + u - 11. Calculate y(-5).
-16
Let u(l) = l**3 - l**2 - l + 14. Calculate u(0).
14
Let i(a) = -3*a - 28. Give i(-8).
-4
Let i(m) = 3*m**3 + m**2 + 3*m + 2. Give i(-1).
-3
Let l(t) = 5*t + 7. Determine l(-14).
-63
Let q(u) = -4*u - 43. Calculate q(-10).
-3
Let p(o) = -o**3 - 3*o**2 - 2*o + 7. What is p(-3)?
13
Let c(o) = o**2 + 20*o + 5. What is c(-20)?
5
Let n(u) = 61*u - 2. Give n(1).
59
Let y(p) = -p**3 + p**2 + 5*p + 2. Determine y(-3).
23
Let c(p) = -9*p + 23. Calculate c(0).
23
Let r(u) = u**3 + 10*u**2 + 5*u + 4. What is r(-8)?
92
Let u(z) = -4*z**3 + 4*z**2 + 2*z - 1. What is u(-2)?
43
Let o(p) = -2*p**3 - 2*p**2 + 5*p - 4. Give o(2).
-18
Let k(f) = -38*f**3 - f + 1. Give k(1).
-38
Let u(z) = 86*z - 178. Calculate u(2).
-6
Let n(x) = 2*x**2 - 8*x + 9. What is n(6)?
33
Let a(g) = g**2 - 2*g - 6. Give a(7).
29
Let v(c) = -3*c + 106. Calculate v(29).
19
Let o(u) = 2*u**2 + 15*u - 5. What is o(-8)?
3
Let h(z) = -z**2 + 24*z - 92. Determine h(5).
3
Let y(f) = -14*f**3 - 85*f**2 - 4*f + 4. Give y(-6).
-8
Let f(v) = -v + 7. Calculate f(8).
-1
Let g(r) = 49*r - 790. What is g(16)?
-6
Let x(d) = 2*d**2 - 43*d + 133. Calculate x(18).
7
Let c(i) = -2*i**2 - 11*i + 9. Give c(3).
-42
Let x(f) = -10*f**2 - 35*f + 2. What is x(-5)?
-73
Let t(w) = w**2 + 7*w + 3. Calculate t(-8).
11
Let b(d) = 2*d**2 + 4*d + 7. Give b(-5).
37
Let b(q) = 86*q**3 + q**2 + 3*q - 3. Determine b(1).
87
Let a(n) = -5*n + 27. What is a(11)?
-28
Let v(k) = 2*k - 64. Give v(29).
-6
Let x(d) = -13*d + 2. Calculate x(6).
-76
Let l(j) = -j**2 - 5*j + 230. Give l(-18).
-4
Let f(r) = r + 24. Determine f(0).
24
Let r(j) = 3*j - 3. What is r(3)?
6
Let z(w) = -w**2 - 7*w + 1. Determine z(-6).
7
Let i(d) = 3*d - 61. Give i(8).
-37
Let p(d) = d**2 - 8*d - 8. Calculate p(8).
-8
Let i(y) = 39*y - 123. Calculate i(3).
-6
Let t(i) = -5*i**2 - 5*i - 3. Calculate t(-1).
-3
Let b(l) = -3*l**2 - 17*l - 22. Calculate b(-4).
-2
Let x(v) = -2*v**3 + 6*v**2 + 6*v - 4. What is x(4)?
-12
Let y(t) = t - 12. Give y(12).
0
Let j(g) = -g**3 + 7*g**2 + 11*g + 1. What is j(9)?
-62
Let a(h) = h**2 + 2*h - 21. Determine a(-5).
-6
Let n(c) = c**3 + 9*c**2 + 10*c - 17. Give n(-7).
11
Let d(j) = j**3 + 8*j**2 + 7. What is d(-8)?
7
Let k(c) = c**2 - 13*c + 12. Determine k(11).
-10
Let u(t) = t**3 - 5*t**2 - 20*t + 7. What is u(8)?
39
Let f(x) = -3*x - 7. Calculate f(5).
-22
Let n(s) = s + 13. Determine n(-18).
-5
Let i(f) = -53*f**3 - 3*f - 2. Determine i(-1).
54
Let d(z) = -3*z - 55. Calculate d(-20).
5
Let v(u) = -10*u**3 + 2*u**2 - 3*u - 2. Calculate v(-2).
92
Let l(p) = p**2 + 6*p - 13. Give l(-6).
-13
Let t(v) = -4*v + 72. What is t(15)?
12
Let d(a) = 2*a**3 + a**2 - a + 2. What is d(-2)?
-8
Let d(n) = -n - 6. Determine d(-16).
10
Let y(s) = -5*s + 71. What is y(16)?
-9
Let o(l) = l**3 + 14*l**2 + 30*l - 42. What is o(-11)?
-9
Let b(f) = -f**2 - 19*f - 32. Calculate b(-18).
-14
Let y(s) = 2*s**3 + s**2 - 2*s - 1. Give y(-2).
-9
Let m(t) = -11*t + 20. Determine m(2).
-2
Let q(w) = -12*w - 19. Determine q(-2).
5
Let y(w) = -3*w**3 - 27*w**2 - 6*w - 17. Calculate y(-9).
37
Let s(b) = 3*b**2 - 18*b - 11. What is s(6)?
-11
Let c(t) = -3*t**2 + 3*t - 1. Determine c(3).
-19
Let a(z) = -9*z**2 - 54*z + 6. Calculate a(-7).
-57
Let p(t) = 2*t**2 - 3*t - 30. Determine p(7).
47
Let g(q) = -q**2 - 10*q + 9. Give g(-11).
-2
Let p(b) = b**3 - 5. Calculate p(-2).
-13
Let t(d) = -2*d**2 + 36*d - 20. Determine t(18).
-20
Let m(z) = -z**3 + 6*z**2 - 6. Determine m(6).
-6
Let d(p) = -p**3 - 17*p**2 + 2*p + 24. Give d(-17).
-10
Let i(b) = 2*b**2 + 25*b + 14. Calculate i(-12).
2
Let n(v) = 13*v**2 - 29*v - 55. Calculate n(-2).
55
Let n(x) = -6*x + 27. What is n(8)?
-21
Let w(v) = v**3 - v**2 + 3*v + 2. Calculate w(0).
2
Let l(p) = p**3 + 17*p**2 + 29*p - 8. Calculate l(-15).
7
Let d(g) = 98*g**2 - 2*g - 1. Give d(-1).
99
Let y(t) = 4*t - 51. Calculate y(11).
-7
Let p(x) = x**3 - 2*x**2 